27.
7
Calculate the greatest common factor of 66 and 20438.
22
Calculate the highest common factor of 3127 and 1537.
53
Calculate the highest common factor of 38211 and 282.
141
What is the highest common divisor of 3627 and 1503?
9
Calculate the highest common divisor of 18858 and 2023.
7
Calculate the highest common divisor of 340 and 5372.
68
What is the highest common factor of 1936908 and 622?
622
What is the greatest common divisor of 92 and 22678?
46
Calculate the greatest common divisor of 841874 and 204.
34
What is the greatest common factor of 279323 and 2211?
737
Calculate the highest common factor of 123 and 417831.
123
Calculate the greatest common factor of 17705 and 5.
5
What is the greatest common factor of 268 and 464980?
268
Calculate the highest common factor of 62 and 119342.
2
Calculate the greatest common factor of 510300 and 243.
243
What is the highest common factor of 2143290 and 20?
10
What is the highest common factor of 260 and 15940?
20
Calculate the highest common divisor of 278286 and 30.
6
What is the greatest common divisor of 15903 and 2223?
171
What is the greatest common divisor of 153054 and 6?
6
What is the greatest common factor of 13 and 649688?
13
Calculate the greatest common divisor of 66 and 601194.
66
Calculate the highest common divisor of 1599 and 204139.
533
What is the greatest common factor of 68 and 1604171?
17
Calculate the greatest common factor of 640266 and 4272.
534
What is the highest common factor of 1512 and 109728?
216
What is the greatest common divisor of 7797 and 197298?
339
What is the greatest common factor of 2038420 and 20?
20
Calculate the greatest common factor of 5010 and 1590.
30
What is the greatest common factor of 380013 and 7073?
643
Calculate the greatest common factor of 9110 and 10.
10
What is the highest common divisor of 18216 and 483?
69
Calculate the highest common divisor of 58025 and 77.
11
What is the highest common divisor of 352 and 24992?
352
Calculate the greatest common factor of 35064 and 648.
72
What is the highest common divisor of 34 and 4028677?
17
What is the highest common factor of 3483 and 1280583?
1161
What is the highest common factor of 114605 and 5?
5
What is the highest common factor of 64072 and 864?
8
Calculate the highest common factor of 3525 and 1109670.
705
Calculate the highest common divisor of 2074 and 3111.
1037
Calculate the highest common factor of 676788 and 273.
21
What is the highest common divisor of 140 and 930370?
70
What is the greatest common divisor of 5472 and 62757?
171
Calculate the greatest common factor of 1446 and 150.
6
What is the greatest common factor of 6776 and 462?
154
What is the highest common divisor of 74886 and 462?
42
What is the highest common factor of 3528 and 15192?
72
Calculate the highest common factor of 15366 and 104.
26
Calculate the greatest common factor of 53584 and 23392.
272
What is the greatest common factor of 142420 and 8?
4
What is the greatest common divisor of 16300 and 150?
50
Calculate the highest common factor of 645 and 207088.
43
Calculate the highest common divisor of 39674 and 61254.
166
What is the greatest common divisor of 9945 and 197145?
585
What is the highest common divisor of 118 and 54398?
118
What is the greatest common factor of 153 and 75633?
51
What is the highest common divisor of 51584 and 327236?
1612
What is the highest common factor of 3880 and 127280?
40
Calculate the highest common factor of 3283510 and 8080.
1010
What is the highest common divisor of 5096 and 5642?
182
What is the highest common divisor of 941511 and 51?
51
What is the greatest common divisor of 480 and 660?
60
What is the greatest common divisor of 99 and 373842?
9
What is the greatest common divisor of 651 and 1344?
21
Calculate the greatest common divisor of 315054 and 54.
18
Calculate the greatest common divisor of 1189 and 63713.
29
What is the highest common divisor of 37881 and 414?
207
Calculate the highest common factor of 65 and 1488383.
13
Calculate the greatest common factor of 1352667 and 171.
57
Calculate the greatest common divisor of 1254 and 316734.
66
Calculate the greatest common divisor of 96 and 4648.
8
What is the highest common factor of 2925 and 1025?
25
What is the highest common factor of 21079 and 1?
1
Calculate the greatest common divisor of 460 and 720245.
115
What is the greatest common factor of 301986 and 36?
18
What is the greatest common divisor of 2796792 and 264?
24
Calculate the greatest common divisor of 87474 and 3660.
366
Calculate the highest common factor of 452 and 44522.
226
Calculate the highest common factor of 25757 and 252179.
599
Calculate the highest common factor of 133 and 6726.
19
What is the highest common factor of 22 and 3967414?
22
Calculate the highest common factor of 3510 and 30810.
390
Calculate the greatest common factor of 90298 and 26.
26
Calculate the highest common factor of 2 and 67514.
2
Calculate the highest common divisor of 86284 and 212.
212
What is the greatest common divisor of 281 and 349?
1
What is the highest common divisor of 8833 and 88?
11
What is the greatest common divisor of 61087 and 2923?
37
What is the greatest common divisor of 7857 and 1782?
81
What is the greatest common divisor of 54 and 7268022?
54
Calculate the greatest common divisor of 279454 and 28.
14
Calculate the greatest common divisor of 488022 and 2445.
489
Calculate the highest common factor of 5698 and 27972.
518
What is the greatest common factor of 3108 and 5656?
28
Calculate the greatest common factor of 287524 and 2.
2
What is the greatest common factor of 825 and 33700?
25
What is the greatest common factor of 27 and 636?
3
Calculate the highest common divisor of 31664 and 32.
16
Calculate the highest common divisor of 624 and 23488.
16
Calculate the greatest common divisor of 1650 and 3192.
6
Calculate the greatest common divisor of 5162 and 302422.
178
What is the highest common factor of 75 and 207555?
15
Calculate the greatest common divisor of 71 and 53463.
71
Calculate the highest common factor of 341 and 2497.
11
Calculate the highest common divisor of 336 and 2301768.
168
Calculate the highest common factor of 41 and 145304.
41
What is the highest common divisor of 1367550 and 1350?
1350
What is the highest common factor of 74391 and 137?
137
What is the highest common divisor of 14 and 361039?
7
What is the greatest common factor of 4477 and 51689?
407
Calculate the greatest common divisor of 1292 and 4484.
76
What is the greatest common factor of 333942 and 294?
42
What is the highest common divisor of 156 and 312468?
156
What is the highest common factor of 1273 and 140231?
67
Calculate the highest common factor of 43 and 94.
1
Calculate the greatest common factor of 696600 and 2340.
180
What is the greatest common divisor of 14651 and 5957?
161
Calculate the greatest common divisor of 47 and 5589.
1
What is the greatest common divisor of 418 and 88550?
22
What is the highest common factor of 68 and 69887?
17
Calculate the highest common factor of 2597 and 392.
49
Calculate the greatest common divisor of 23203 and 1.
1
What is the highest common factor of 1056 and 3426?
6
What is the highest common divisor of 6256335 and 15?
15
Calculate the highest common factor of 114 and 1392795.
57
Calculate the greatest common divisor of 30519 and 4653.
9
What is the highest common divisor of 270 and 44185?
5
What is the greatest common divisor of 808209 and 18?
9
Calculate the highest common divisor of 7519 and 2163.
103
What is the highest common factor of 50142 and 1098?
366
Calculate the highest common factor of 284 and 118002.
142
Calculate the greatest common factor of 16 and 8744.
8
Calculate the greatest common factor of 452529 and 126.
63
Calculate the greatest common factor of 293 and 13.
1
What is the highest common factor of 12 and 1010874?
6
Calculate the highest common factor of 41 and 3497833.
41
What is the greatest common factor of 11385 and 418715?
1265
Calculate the greatest common factor of 120 and 54270.
30
Calculate the highest common factor of 71760 and 4394.
26
What is the highest common factor of 177650 and 238?
34
What is the greatest common factor of 636 and 27507?
159
What is the highest common diviso